
-126
152b5 (base 14) to base 5
3141222
What is -222100 (base 3) in base 8?
-1307
Convert -5b9 (base 14) to base 8.
-2167
Convert 251 (base 7) to base 2.
10000110
What is -1ba (base 14) in base 16?
-168
Convert 13 (base 13) to base 8.
20
Convert 2815 (base 10) to base 6.
21011
What is -3a5 (base 12) in base 14?
-2bb
-20100 (base 4) to base 2
-1000010000
What is 1010 (base 5) in base 13?
a0
Convert 66a (base 11) to base 13.
499
Convert -3446 (base 8) to base 12.
-1086
Convert 31412 (base 6) to base 3.
12211122
What is -3522 (base 8) in base 13?
-b12
Convert -10011110010 (base 2) to base 16.
-4f2
Convert 724e (base 15) to base 11.
17164
56123 (base 7) to base 8
33461
-5650 (base 12) to base 2
-10010101011100
121443 (base 6) to base 13
4b84
Convert -4756 (base 9) to base 4.
-313032
Convert 104 (base 5) to base 15.
1e
What is 43450 (base 6) in base 5?
143011
Convert 1001011 (base 2) to base 11.
69
What is 9aa (base 11) in base 13?
720
Convert -14314 (base 5) to base 16.
-4b9
Convert -10264 (base 7) to base 5.
-40140
255563 (base 7) to base 6
1004252
Convert 4703 (base 9) to base 12.
2026
What is cb1a (base 13) in base 15?
8581
Convert 962 (base 10) to base 16.
3c2
34535 (base 6) to base 10
4955
11423 (base 7) to base 9
4045
What is 1f1 (base 16) in base 7?
1310
What is 20456 (base 7) in base 3?
20220122
-14a (base 14) to base 5
-2022
Convert -4052 (base 6) to base 3.
-1020012
Convert -319 (base 12) to base 16.
-1c5
Convert -6305 (base 12) to base 3.
-112211012
Convert 6182 (base 9) to base 6.
32545
Convert 30950 (base 11) to base 8.
130013
Convert 110000000 (base 2) to base 4.
12000
What is 200223 (base 4) in base 11?
1631
What is 1792 (base 12) in base 16?
b1e
Convert -25861 (base 9) to base 5.
-1024340
4021 (base 8) to base 14
a77
Convert -12217 (base 8) to base 14.
-1cbd
What is -532 (base 12) in base 2?
-1011110110
What is adc (base 14) in base 12?
12b6
Convert -62706 (base 8) to base 2.
-110010111000110
What is -366 (base 13) in base 14?
-303
31e (base 16) to base 4
30132
120212 (base 5) to base 11
336a
21323112 (base 4) to base 13
1567b
Convert 4dd8 (base 15) to base 3.
211210212
31321 (base 4) to base 3
1012221
Convert -106071 (base 8) to base 13.
-13454
Convert 1110011011 (base 2) to base 12.
64b
-74 (base 11) to base 6
-213
Convert -4976 (base 12) to base 11.
-6264
2781 (base 11) to base 5
103343
What is -11122220 (base 3) in base 10?
-3399
Convert 10022010 (base 3) to base 8.
4546
-27042 (base 8) to base 6
-130402
-8932 (base 15) to base 10
-29072
1022302 (base 5) to base 16
4332
What is -3245 (base 6) in base 2?
-1011101101
471a (base 16) to base 13
8392
What is 301332 (base 5) in base 4?
2111320
Convert -3360 (base 12) to base 11.
-4301
-6087 (base 11) to base 15
-25db
-1547 (base 10) to base 14
-7c7
What is -103001 (base 4) in base 9?
-1602
709a (base 11) to base 5
300201
Convert -18a (base 13) to base 9.
-344
2b7b (base 13) to base 2
1100011010011
-696 (base 14) to base 8
-2434
Convert -953 (base 13) to base 5.
-22324
Convert 6046 (base 8) to base 6.
22222
Convert 1230205 (base 6) to base 10.
66173
What is -5609 (base 15) in base 13?
-83b8
What is 2023220 (base 4) in base 8?
21350
Convert 8215 (base 10) to base 14.
2dcb
-2023 (base 4) to base 7
-256
What is -123000 (base 6) in base 7?
-44055
1022001 (base 3) to base 5
12241
What is 1693 (base 14) in base 8?
7721
What is -234010 (base 5) in base 4?
-2012312
Convert -2d46 (base 15) to base 11.
-7356
-498 (base 12) to base 3
-221122
What is -21113 (base 4) in base 3?
-211012
233030 (base 4) to base 5
44040
What is 13000 (base 4) in base 9?
547
Convert -1123 (base 11) to base 12.
-a31
Convert -26276 (base 8) to base 15.
-35d9
What is 20 (base 11) in base 6?
34
What is -6b0 (base 12) in base 4?
-33210
14321 (base 8) to base 3
22201022
What is -443 (base 6) in base 11?
-146
Convert 131023 (base 4) to base 16.
74b
What is 35424 (base 6) in base 9?
7027
What is 101033 (base 4) in base 6?
5035
What is 111001101110 (base 2) in base 12?
217a
What is -949 (base 11) in base 15?
-512
What is -22543 (base 8) in base 5?
-301241
-5c6 (base 15) to base 7
-3552
31447 (base 10) to base 8
75327
-1b43 (base 12) to base 13
-16b9
Convert 1557 (base 9) to base 14.
60a
-13011 (base 4) to base 16
-1c5
What is 12ee (base 15) in base 4?
333101
53857 (base 10) to base 15
10e57
Convert 10200112 (base 3) to base 12.
167b
What is 2b2 (base 16) in base 6?
3110
Convert -8976 (base 10) to base 4.
-2030100
-122222 (base 3) to base 11
-401
What is -140 (base 12) in base 9?
-233
Convert -123023 (base 4) to base 6.
-12015
10101110 (base 3) to base 16
9a5
Convert -46b (base 13) to base 10.
-765
What is -169 (base 11) in base 15?
-d1
What is 522a (base 11) in base 6?
52025
What is -7d09 (base 16) in base 2?
-111110100001001
Convert 2055 (base 6) to base 9.
568
What is -1e4b (base 15) in base 6?
-50312
What is 110110111110 (base 2) in base 10?
3518
-222124 (base 6) to base 10
-18628
Convert 57 (base 11) to base 9.
68
What is -2ad9 (base 14) in base 11?
-5815
1961a (base 11) to base 10
27367
Convert 685 (base 10) to base 2.
1010101101
What is -6564 (base 7) in base 3?
-10020000
Convert 6572 (base 10) to base 9.
10012
What is -111000110100 (base 2) in base 9?
-4880
What is 352c (base 15) in base 3?
120111020
What is 1302031 (base 4) in base 5?
213214
-126b (base 13) to base 7
-10436
-32113 (base 4) to base 8
-1627
Convert -12 (base 5) to base 13.
-7
Convert -462 (base 8) to base 5.
-2211
122022 (base 3) to base 12
32b
What is -1434231 (base 5) in base 12?
-15832
Convert -568c (base 15) to base 8.
-43665
What is -2097 (base 10) in base 12?
-1269
What is 100212 (base 3) in base 6?
1122
Convert -100011010 (base 2) to base 13.
-189
What is 11326 (base 7) in base 6?
21251
What is d5f (base 16) in base 11?
2632
What is a45 (base 14) in base 2?
11111100101
Convert -a64 (base 16) to base 2.
-101001100100
-199 (base 15) to base 2
-101110001
-36a4 (base 11) to base 4
-1023201
What is -6a65 (base 11) in base 9?
-13636
10010101011010 (base 2) to base 16
255a
2795 (base 10) to base 7
11102
What is -25c (base 15) in base 10?
-537
Convert 1000 (base 3) to base 9.
30
What is -23430 (base 7) in base 3?
-22022000
-29100 (base 13) to base 14
-20128
What is -204 (base 15) in base 7?
-1216
Convert 1613 (base 11) to base 2.
100000010111
What is 123221 (base 7) in base 9?
34178
Convert 1a526 (base 11) to base 5.
1403314
What is 1317 (base 12) in base 16?
883
What is 25244 (base 6) in base 7?
13666
274a (base 11) to base 12
208b
-5381 (base 15) to base 5
-1031141
Convert -16256 (base 7) to base 5.
-121343
26a (base 15) to base 4
20212
What is -2209 (base 15) in base 7?
-30006
What is 285 (base 13) in base 10?
447
Convert 4ba6 (base 15) to base 7.
65013
Convert 21130 (base 6) to base 5.
42422
Convert 13c5 (base 13) to base 2.
101100110001
What is -1bc1 (base 15) in base 6?
-43531
Convert 1001000010101 (base 2) to base 10.
4629
-59b (base 16) to base 4
-112123
-202123 (base 5) to base 2
-1100110001010
Convert 10210 (base 4) to base 11.
246
Convert 30175 (base 9) to base 2.
100110101111000
What is 1a76 (base 11) in base 10?
2624
4ad (base 15) to base 10
1063
What is -7d87 (base 16) in base 6?
-404435
-336 (base 7) to base 2
-10101110
What is 716 (base 11) in base 12?
600
Convert -142020 (base 5) to base 10.
-5885
-647 (base 15) to base 9
-1844
Convert -2ca9 (base 16) to base 13.
-5286
-11111111111 (base 2) to base 16
-7ff
1022 (base 8) to base 11
442
What is -32257 (base 8) in base 14?
-4cb5
97ab (base 15) to base 12
166bb
What is 1111100110 (base 2) in base 5?
12443
1621 (base 15) to base 8
11224
What is 2211 (base 10) in base 14?
b3d
Convert 2606 (base 10) to base 14.
d42
Convert 35343 (base 10) to base 4.
20220033
Convert -736 (base 10) to base 4.
-23200
What is -712 (base 10) in base 9?
-871
What is 8e05 (base 15) in base 9?
45325
Convert -1341 (base 8) to base 15.
-342
-100011011 (base 2) to base 7
-553
112011210 (base 3) to base 15
30e0
21421 (base 6) to base 5
43330
Convert -1446 (base 10) to base 2.
-10110100110
Convert -1210212 (base 3) to base 6.
-10035
Convert -100221011 (base 4) to base 9.
-113448
-247 (base 13) to base 11
-331
Convert -9564 (base 10) to base 2.
-10010101011100
What is 201111 (base 3) in base 8?
1016
-1b3f (base 16) to b